actor of 401503455?
False
Is 16 a factor of 35617376?
True
Does 237 divide 485774688?
False
Is 500 a factor of 108561223?
False
Is 30186696 a multiple of 1228?
True
Is 678 a factor of 1325369994?
True
Is 72974447 a multiple of 4511?
True
Is 260 a factor of 50324768?
False
Is 28322120 a multiple of 358?
False
Is 886327168 a multiple of 10?
False
Does 2281 divide 201253411?
False
Is 10 a factor of 46547084?
False
Does 42 divide 1125739104?
True
Does 267 divide 104470?
False
Does 18 divide 57875004?
True
Is 163 a factor of 579277913?
False
Does 32 divide 638085540?
False
Is 3000570833 a multiple of 169?
True
Is 9 a factor of 5525435?
False
Does 2 divide 2911237?
False
Is 136368574 a multiple of 3289?
False
Is 5566 a factor of 447189138?
True
Does 435 divide 62671128?
False
Is 19 a factor of 1457637803?
False
Is 311363844 a multiple of 6623?
False
Does 152 divide 218029408?
True
Is 63731716 a multiple of 44?
False
Is 160774775 a multiple of 25?
True
Does 100 divide 539856600?
True
Is 143 a factor of 18811650?
True
Does 161 divide 170657746?
True
Is 17 a factor of 354235504?
False
Does 130 divide 158703930?
False
Does 24 divide 7359312?
True
Is 1285265047 a multiple of 23?
True
Is 49 a factor of 905769702?
False
Is 20 a factor of 1244780?
True
Is 64 a factor of 4040698?
False
Does 59 divide 255176419?
False
Does 165 divide 39838425?
True
Does 3974 divide 911556120?
True
Is 10 a factor of 15019610?
True
Is 5537762 a multiple of 163?
True
Is 1746 a factor of 2555444719?
False
Is 20 a factor of 66709040?
True
Does 209 divide 9343972?
True
Does 44 divide 6454228?
True
Is 259 a factor of 3111360890?
False
Does 220 divide 108160924?
False
Does 9 divide 330025815?
True
Is 134572557 a multiple of 112?
False
Is 2241192740 a multiple of 111?
False
Does 140 divide 18385167?
False
Is 220 a factor of 1034374345?
False
Does 845 divide 192464652?
False
Is 6 a factor of 5174982?
True
Is 6590196 a multiple of 36?
True
Is 20431521 a multiple of 33?
True
Does 862 divide 104654558?
True
Is 36 a factor of 11117492?
False
Does 95 divide 5988515?
True
Is 1554418072 a multiple of 7608?
False
Does 39 divide 399212330?
False
Does 1426 divide 530342080?
False
Is 60 a factor of 33350400?
True
Does 207 divide 1788517260?
True
Does 3498 divide 416708429?
False
Does 226 divide 1093890172?
True
Is 27842957 a multiple of 2386?
False
Is 66740720 a multiple of 6?
False
Is 31279755 a multiple of 424?
False
Is 125596899 a multiple of 3321?
True
Is 1205 a factor of 4740497?
False
Is 238247888 a multiple of 1620?
False
Does 17 divide 1012014616?
False
Does 192 divide 15070080?
True
Does 62 divide 2741888?
True
Does 1123 divide 83580328?
False
Does 1347 divide 38359296?
False
Is 1490352810 a multiple of 292?
False
Is 798837145 a multiple of 3087?
False
Is 231329822 a multiple of 2014?
False
Is 2568402642 a multiple of 13?
True
Does 43 divide 31033861?
False
Is 2587 a factor of 2784582125?
True
Does 16 divide 23866720?
True
Is 1840504620 a multiple of 149?
True
Is 56 a factor of 549634624?
True
Is 1518114633 a multiple of 76?
False
Is 532 a factor of 157001712?
True
Does 27 divide 820320?
False
Does 15 divide 493977720?
True
Does 4 divide 63090080?
True
Is 3376 a factor of 58644496?
True
Does 190 divide 32253640?
True
Is 62676585 a multiple of 9?
True
Is 228419235 a multiple of 149?
True
Is 203 a factor of 165427885?
False
Does 300 divide 2188082188?
False
Is 85038124 a multiple of 1416?
False
Is 19 a factor of 65505255?
True
Is 349092010 a multiple of 26?
False
Is 396671550 a multiple of 95?
True
Does 62 divide 297662609?
False
Does 716 divide 167778433?
False
Is 69 a factor of 42842583?
True
Does 8 divide 490658785?
False
Does 16 divide 41485218?
False
Is 366 a factor of 7906972?
False
Is 204 a factor of 61718160?
True
Is 1263978837 a multiple of 891?
True
Does 19 divide 1735850498?
False
Does 1129 divide 36599922?
True
Does 4 divide 1822952200?
True
Does 120 divide 143649960?
True
Is 106 a factor of 10321251?
False
Is 1771949350 a multiple of 86?
False
Does 3708 divide 153748512?
True
Does 52 divide 323108448?
True
Does 109 divide 189482003?
True
Does 1452 divide 353824799?
False
Does 220 divide 45016659?
False
Does 4 divide 17003826?
False
Is 663739505 a multiple of 1395?
False
Is 332375228 a multiple of 17?
True
Is 2121 a factor of 1100443861?
False
Is 93 a factor of 87970281?
True
Is 1218166 even?
True
Is 91 a factor of 3456162710?
True
Is 58 a factor of 2657154?
True
Does 862 divide 303886803?
False
Does 205 divide 20478065?
True
Does 2322 divide 75339612?
True
Does 550 divide 440511716?
False
Is 1515655457 a multiple of 178?
False
Is 9 a factor of 77458428?
True
Is 133369385 a multiple of 6?
False
Does 63 divide 82746342?
True
Does 87 divide 585794848?
False
Is 113 a factor of 737566905?
False
Does 8 divide 3111701?
False
Does 1145 divide 387937450?
True
Is 17105825 a multiple of 85?
True
Is 454262809 a multiple of 6?
False
Is 13928851 a multiple of 2?
False
Does 176 divide 11611581?
False
Does 1263 divide 57777198?
True
Is 81902810 a multiple of 1915?
False
Does 16 divide 437043936?
True
Is 16 a factor of 774611570?
False
Is 734815686 a multiple of 87?
False
Is 109 a factor of 330708318?
False
Does 221 divide 555247914?
True
Is 87033221 a multiple of 280?
False
Is 58 a factor of 39143592?
False
Is 29755383 a multiple of 5?
False
Does 183 divide 51289398?
False
Does 3895 divide 5449703?
False
Is 2732131294 a multiple of 39?
False
Does 26 divide 122320089?
False
Does 17 divide 199253414?
False
Is 7 a factor of 108602729?
False
Does 95 divide 8046037?
False
Does 44 divide 37498164?
True
Is 112 a factor of 56598416?
True
Is 5027 a factor of 3214443395?
False
Is 78 a factor of 20977175?
False
Is 200 a factor of 35792000?
True
Does 13 divide 139672650?
True
Is 167948961 a multiple of 85?
False
Does 627 divide 68148003?
True
Does 170 divide 57231010?
True
Is 319 a factor of 820118?
False
Is 7 a factor of 152755727?
False
Does 17 divide 54837614?
True
Is 81646420 a multiple of 148?
True
Is 253 a factor of 1669041?
True
Is 4080020413 a multiple of 14483?
True
Is 383445567 a multiple of 73?
True
Is 2692896143 a multiple of 187?
False
Is 716 a factor of 1451637732?
True
Is 45 a factor of 50497682?
False
Does 16 divide 106690896?
True
Does 90 divide 695241971?
False
Is 52977762 a multiple of 20?
False
Is 436730445 a multiple of 2344?
False
Is 241 a factor of 67389384?
True
Does 1300 divide 31061854?
False
Is 28535518 a multiple of 2?
True
Does 2 divide 9154917?
False
Is 252 a factor of 97792554?
False
Is 159 a factor of 726153?
True
Is 64524438 a multiple of 297?
True
Is 249 a factor of 4700932?
False
Is 27 a factor of 228021993?
True
Does 501 divide 302391075?
True
Is 2013 a factor of 326798472?
True
Is 311489984 a multiple of 16?
True
Is 81 a factor of 1735210836?
True
Does 718 divide 106018888?
False
Is 43200831 a multiple of 1020?
False
Is 1757408553 a multiple of 963?
True
Does 3 divide 7036433?
False
Is 2 a factor of 38123530?
True
Does 4267 divide 947035046?
False
Is 8 a factor of 67999336?
True
Is 35712560 a multiple of 9?
False
Is 3477201628 a multiple of 76?
True
Does 7 divide 102167919?
True
Is 315945554 a multiple of 6?
False
Is 191321975 a multiple of 35?
False
Is 3 a factor of 15608148?
True
Does 722 divide 7259380?
False
Does 90 divide 42561450?
True
Is 326 a factor of 291607978?
True
Is 38953680 a multiple of 12?
True
Is 21 a factor of 141709000?
False
Is 78 a factor of 114523422?
True
Does 292 divide 60152?
True
Is 4569402138 a multiple of 43?
True
Does 278 divide 603638358?
True
Is 65 a factor of 12206610?
True
Is 100 a factor of 93319700?
True
Is 492 a factor of 7938607?
False
Does 25 divide 13598509?
False
Is 35036 a multiple of 461?
True
Is 685 a factor of 242192710?
True
Is 153 a factor of 75417351?
False
Does 168 divide 15674443?
False
Does 690 divide 627874470?
True
Does 151 divide 1938644600?
False
Is 3 a factor of 79333783?
False
Is 2 a factor of 226224502?
True
Does 4521 divide 135571227?
True
Is 288764953 a multiple of 41?
False
Does 103 divide 106906996?
True
Is 3444 a factor of 490718366?
False
Is 7111 a factor of 2738460322?
True
Does 57 divide 18010290?
True
Is 67368004 a multiple of 26?
False
Is 25 a factor of 47665964?
False
Does 23 divide 4547123?
True